{"id":163,"date":"2019-11-09T16:57:41","date_gmt":"2019-11-09T15:57:41","guid":{"rendered":"http:\/\/inmabenicio.es\/?page_id=163"},"modified":"2020-08-30T18:22:56","modified_gmt":"2020-08-30T16:22:56","slug":"siq-sevilla","status":"publish","type":"page","link":"https:\/\/inmabenicio.es\/?page_id=163","title":{"rendered":"SIQ SEVILLA"},"content":{"rendered":"<p><strong>Editorial &lt;BRIDAL SHOOTING&gt; de SIQ SEVILLA\u00a0<\/strong><\/p>\n<p>SIQ, Sevilla Handcrat &amp; Fashion nace de la fusi\u00f3n de dos realidades: la tradici\u00f3n y la cultura de la costura a medida y artesanal de Sevilla.<\/p>\n<p>Bridal Shooting es una de las actividades paralelas que organiza SIQ Sevilla donde fot\u00f3grafos especializados en moda, modelos profesionales y dise\u00f1os de moda nupcial y ceremonia se dan cita en una sesi\u00f3n de fotos.<\/p>\n<p>En 2019 fue en los salones y jardines del Casino de la Exposici\u00f3n de Sevilla y presentamos un traje de novia. En 2020 fue la fashion film m\u00e1s inspiradora para novias e invitadas. Una edici\u00f3n virtual de SIQ que tuvo como escenario la Real F\u00e1brica de Artiller\u00eda de Sevilla. En esta ocasi\u00f3n presentamos un traje de invitadas.<\/p>\n<p><em><strong>SIQ 2019 &#8211; BRIDAL SHOOTING &#8211; Casino de la Exposici\u00f3n de Sevilla<\/strong><\/em><\/p>\n<h1><\/h1>\n<p><img loading=\"lazy\" decoding=\"async\" class=\" wp-image-388 aligncenter\" src=\"http:\/\/inmabenicio.es\/wp-content\/uploads\/2019\/11\/SIQ19-20190625_0484-desat-300x200.jpg\" sizes=\"auto, (max-width: 498px) 100vw, 498px\" srcset=\"http:\/\/inmabenicio.es\/wp-content\/uploads\/2019\/11\/SIQ19-20190625_0484-desat-300x200.jpg 300w, http:\/\/inmabenicio.es\/wp-content\/uploads\/2019\/11\/SIQ19-20190625_0484-desat-1024x683.jpg 1024w, http:\/\/inmabenicio.es\/wp-content\/uploads\/2019\/11\/SIQ19-20190625_0484-desat-768x512.jpg 768w, http:\/\/inmabenicio.es\/wp-content\/uploads\/2019\/11\/SIQ19-20190625_0484-desat-1536x1024.jpg 1536w, http:\/\/inmabenicio.es\/wp-content\/uploads\/2019\/11\/SIQ19-20190625_0484-desat-2048x1365.jpg 2048w\" alt=\"\" width=\"498\" height=\"332\" \/><\/p>\n<p><img loading=\"lazy\" decoding=\"async\" class=\"wp-image-389 aligncenter\" src=\"http:\/\/inmabenicio.es\/wp-content\/uploads\/2019\/11\/SIQ19-20190625_0462-desat-200x300.jpg\" sizes=\"auto, (max-width: 625px) 100vw, 625px\" srcset=\"http:\/\/inmabenicio.es\/wp-content\/uploads\/2019\/11\/SIQ19-20190625_0462-desat-200x300.jpg 200w, http:\/\/inmabenicio.es\/wp-content\/uploads\/2019\/11\/SIQ19-20190625_0462-desat-683x1024.jpg 683w, http:\/\/inmabenicio.es\/wp-content\/uploads\/2019\/11\/SIQ19-20190625_0462-desat-768x1152.jpg 768w, http:\/\/inmabenicio.es\/wp-content\/uploads\/2019\/11\/SIQ19-20190625_0462-desat-1024x1536.jpg 1024w, http:\/\/inmabenicio.es\/wp-content\/uploads\/2019\/11\/SIQ19-20190625_0462-desat-1365x2048.jpg 1365w, http:\/\/inmabenicio.es\/wp-content\/uploads\/2019\/11\/SIQ19-20190625_0462-desat-scaled.jpg 1707w\" alt=\"\" width=\"625\" height=\"938\" \/><\/p>\n<p><img loading=\"lazy\" decoding=\"async\" class=\" wp-image-391 aligncenter\" src=\"http:\/\/inmabenicio.es\/wp-content\/uploads\/2019\/11\/27062019-SIQBRIDAL-123-200x300.jpg\" sizes=\"auto, (max-width: 493px) 100vw, 493px\" srcset=\"http:\/\/inmabenicio.es\/wp-content\/uploads\/2019\/11\/27062019-SIQBRIDAL-123-200x300.jpg 200w, http:\/\/inmabenicio.es\/wp-content\/uploads\/2019\/11\/27062019-SIQBRIDAL-123-683x1024.jpg 683w, http:\/\/inmabenicio.es\/wp-content\/uploads\/2019\/11\/27062019-SIQBRIDAL-123-768x1152.jpg 768w, http:\/\/inmabenicio.es\/wp-content\/uploads\/2019\/11\/27062019-SIQBRIDAL-123-1024x1536.jpg 1024w, http:\/\/inmabenicio.es\/wp-content\/uploads\/2019\/11\/27062019-SIQBRIDAL-123-1365x2048.jpg 1365w, http:\/\/inmabenicio.es\/wp-content\/uploads\/2019\/11\/27062019-SIQBRIDAL-123-scaled.jpg 1707w\" alt=\"\" width=\"493\" height=\"740\" \/><\/p>\n<p><img loading=\"lazy\" decoding=\"async\" class=\"wp-image-390 aligncenter\" src=\"http:\/\/inmabenicio.es\/wp-content\/uploads\/2019\/11\/27062019-SIQBRIDAL-90-200x300.jpg\" sizes=\"auto, (max-width: 576px) 100vw, 576px\" srcset=\"http:\/\/inmabenicio.es\/wp-content\/uploads\/2019\/11\/27062019-SIQBRIDAL-90-200x300.jpg 200w, http:\/\/inmabenicio.es\/wp-content\/uploads\/2019\/11\/27062019-SIQBRIDAL-90-683x1024.jpg 683w, http:\/\/inmabenicio.es\/wp-content\/uploads\/2019\/11\/27062019-SIQBRIDAL-90-768x1152.jpg 768w, http:\/\/inmabenicio.es\/wp-content\/uploads\/2019\/11\/27062019-SIQBRIDAL-90-1024x1536.jpg 1024w, http:\/\/inmabenicio.es\/wp-content\/uploads\/2019\/11\/27062019-SIQBRIDAL-90-1365x2048.jpg 1365w, http:\/\/inmabenicio.es\/wp-content\/uploads\/2019\/11\/27062019-SIQBRIDAL-90-scaled.jpg 1707w\" alt=\"\" width=\"576\" height=\"864\" \/><\/p>\n<p><img loading=\"lazy\" decoding=\"async\" class=\"alignnone  wp-image-394\" src=\"http:\/\/inmabenicio.es\/wp-content\/uploads\/2019\/11\/MG_6108-1-200x300.jpg\" sizes=\"auto, (max-width: 320px) 100vw, 320px\" srcset=\"http:\/\/inmabenicio.es\/wp-content\/uploads\/2019\/11\/MG_6108-1-200x300.jpg 200w, http:\/\/inmabenicio.es\/wp-content\/uploads\/2019\/11\/MG_6108-1-683x1024.jpg 683w, http:\/\/inmabenicio.es\/wp-content\/uploads\/2019\/11\/MG_6108-1-768x1152.jpg 768w, http:\/\/inmabenicio.es\/wp-content\/uploads\/2019\/11\/MG_6108-1-1024x1536.jpg 1024w, http:\/\/inmabenicio.es\/wp-content\/uploads\/2019\/11\/MG_6108-1-1365x2048.jpg 1365w, http:\/\/inmabenicio.es\/wp-content\/uploads\/2019\/11\/MG_6108-1-scaled.jpg 1707w\" alt=\"\" width=\"320\" height=\"480\" \/><img loading=\"lazy\" decoding=\"async\" class=\"wp-image-395 alignleft\" src=\"http:\/\/inmabenicio.es\/wp-content\/uploads\/2019\/11\/IMG_20190710_160830_583-300x300.jpg\" sizes=\"auto, (max-width: 423px) 100vw, 423px\" srcset=\"http:\/\/inmabenicio.es\/wp-content\/uploads\/2019\/11\/IMG_20190710_160830_583-300x300.jpg 300w, http:\/\/inmabenicio.es\/wp-content\/uploads\/2019\/11\/IMG_20190710_160830_583-1024x1024.jpg 1024w, http:\/\/inmabenicio.es\/wp-content\/uploads\/2019\/11\/IMG_20190710_160830_583-150x150.jpg 150w, http:\/\/inmabenicio.es\/wp-content\/uploads\/2019\/11\/IMG_20190710_160830_583-768x768.jpg 768w, http:\/\/inmabenicio.es\/wp-content\/uploads\/2019\/11\/IMG_20190710_160830_583-1536x1536.jpg 1536w, http:\/\/inmabenicio.es\/wp-content\/uploads\/2019\/11\/IMG_20190710_160830_583-2048x2048.jpg 2048w, http:\/\/inmabenicio.es\/wp-content\/uploads\/2019\/11\/IMG_20190710_160830_583-640x640.jpg 640w, http:\/\/inmabenicio.es\/wp-content\/uploads\/2019\/11\/IMG_20190710_160830_583-480x480.jpg 480w, http:\/\/inmabenicio.es\/wp-content\/uploads\/2019\/11\/IMG_20190710_160830_583-666x666.jpg 666w, http:\/\/inmabenicio.es\/wp-content\/uploads\/2019\/11\/IMG_20190710_160830_583-50x50.jpg 50w\" alt=\"\" width=\"423\" height=\"423\" \/><\/p>\n<pre>SIQ SEVILLA 2019. Dise\u00f1o. Inma Benicio. Fot\u00f3grafos: Ernesto Castillo, Roc\u00edo Aguado y Chema Soler. Peluquer\u00eda y maquillaje: Victor del Valle y Cristina Rivero Make Up. Modelo: Maria Rama de Doble Erre.<\/pre>\n<p>Enlace de la editorial:\u00a0<a href=\"http:\/\/raquelrevuelta.es\/bridal-shooting-siq-2019\/\" target=\"_blank\" rel=\"noopener noreferrer\">Bridal Shooting \u2013 SIQ Sevilla 2019<\/a><\/p>\n<p><em><strong>SIQ 2020 &#8211; FASHION FILM &#8211; Real F\u00e1brica de Artiller\u00eda de Sevilla<\/strong><\/em><\/p>\n<p><img loading=\"lazy\" decoding=\"async\" class=\"wp-image-654 aligncenter\" src=\"http:\/\/inmabenicio.es\/wp-content\/uploads\/2020\/08\/inma-benicio-200x300.jpg\" alt=\"\" width=\"534\" height=\"801\" srcset=\"https:\/\/inmabenicio.es\/wp-content\/uploads\/2020\/08\/inma-benicio-200x300.jpg 200w, https:\/\/inmabenicio.es\/wp-content\/uploads\/2020\/08\/inma-benicio-scaled-600x900.jpg 600w, https:\/\/inmabenicio.es\/wp-content\/uploads\/2020\/08\/inma-benicio-683x1024.jpg 683w, https:\/\/inmabenicio.es\/wp-content\/uploads\/2020\/08\/inma-benicio-768x1152.jpg 768w, https:\/\/inmabenicio.es\/wp-content\/uploads\/2020\/08\/inma-benicio-1024x1536.jpg 1024w, https:\/\/inmabenicio.es\/wp-content\/uploads\/2020\/08\/inma-benicio-1365x2048.jpg 1365w, https:\/\/inmabenicio.es\/wp-content\/uploads\/2020\/08\/inma-benicio-scaled.jpg 1707w\" sizes=\"auto, (max-width: 534px) 100vw, 534px\" \/><\/p>\n<p><img loading=\"lazy\" decoding=\"async\" class=\"wp-image-650 aligncenter\" src=\"http:\/\/inmabenicio.es\/wp-content\/uploads\/2020\/08\/IMG_20200719_110729_938-300x300.jpg\" alt=\"\" width=\"531\" height=\"531\" \/>\u00a0 \u00a0 \u00a0 \u00a0 \u00a0 \u00a0 \u00a0 \u00a0 \u00a0 \u00a0 \u00a0 \u00a0 \u00a0 \u00a0 \u00a0 <img loading=\"lazy\" decoding=\"async\" class=\"wp-image-651 aligncenter\" src=\"http:\/\/inmabenicio.es\/wp-content\/uploads\/2020\/08\/IMG_20200719_110857_605-300x300.jpg\" alt=\"\" width=\"534\" height=\"534\" srcset=\"https:\/\/inmabenicio.es\/wp-content\/uploads\/2020\/08\/IMG_20200719_110857_605-300x300.jpg 300w, https:\/\/inmabenicio.es\/wp-content\/uploads\/2020\/08\/IMG_20200719_110857_605-scaled-100x100.jpg 100w, https:\/\/inmabenicio.es\/wp-content\/uploads\/2020\/08\/IMG_20200719_110857_605-scaled-600x600.jpg 600w, https:\/\/inmabenicio.es\/wp-content\/uploads\/2020\/08\/IMG_20200719_110857_605-1024x1024.jpg 1024w, https:\/\/inmabenicio.es\/wp-content\/uploads\/2020\/08\/IMG_20200719_110857_605-150x150.jpg 150w, https:\/\/inmabenicio.es\/wp-content\/uploads\/2020\/08\/IMG_20200719_110857_605-768x768.jpg 768w, https:\/\/inmabenicio.es\/wp-content\/uploads\/2020\/08\/IMG_20200719_110857_605-1536x1536.jpg 1536w, https:\/\/inmabenicio.es\/wp-content\/uploads\/2020\/08\/IMG_20200719_110857_605-2048x2048.jpg 2048w, https:\/\/inmabenicio.es\/wp-content\/uploads\/2020\/08\/IMG_20200719_110857_605-640x640.jpg 640w, https:\/\/inmabenicio.es\/wp-content\/uploads\/2020\/08\/IMG_20200719_110857_605-480x480.jpg 480w, https:\/\/inmabenicio.es\/wp-content\/uploads\/2020\/08\/IMG_20200719_110857_605-666x666.jpg 666w, https:\/\/inmabenicio.es\/wp-content\/uploads\/2020\/08\/IMG_20200719_110857_605-50x50.jpg 50w\" sizes=\"auto, (max-width: 534px) 100vw, 534px\" \/><\/p>\n<div style=\"width: 944px;\" class=\"wp-video\"><video class=\"wp-video-shortcode\" id=\"video-163-1\" width=\"944\" height=\"752\" preload=\"metadata\" controls=\"controls\"><source type=\"video\/mp4\" src=\"http:\/\/inmabenicio.es\/wp-content\/uploads\/2020\/08\/20200719_1059351.mp4?_=1\" \/><a href=\"http:\/\/inmabenicio.es\/wp-content\/uploads\/2020\/08\/20200719_1059351.mp4\">http:\/\/inmabenicio.es\/wp-content\/uploads\/2020\/08\/20200719_1059351.mp4<\/a><\/video><\/div>\n<pre>Localizaci\u00f3n: Real F\u00e1brica de Artiller\u00eda de Sevilla\r\nOrganizaci\u00f3n: Asociaci\u00f3n de Artesanos Dise\u00f1adores de Moda de Sevilla: D\u00c1RT\r\nEquipo y Producci\u00f3n: Agencia de Comunicaci\u00f3n y moda Doble Erre @doble_errese\r\nModelo: Irene Lora\r\nFotogr\u00e1fo: Andrew Jim\r\nC\u00e1mara: @jesuspenavideo\r\nDirector art\u00edstico: @pedrogonzalezmoda\r\nMake-up: @pedrogonzalezmoda\r\nHairstyle: @quintanaestilista<\/pre>\n","protected":false},"excerpt":{"rendered":"<p>Editorial &lt;BRIDAL SHOOTING&gt; de SIQ SEVILLA\u00a0 SIQ, Sevilla Handcrat &amp; Fashion nace de la fusi\u00f3n de dos realidades: la tradici\u00f3n &hellip; <a href=\"https:\/\/inmabenicio.es\/?page_id=163\" class=\"more-link\"><span class=\"more-button\">Sigue leyendo<span class=\"screen-reader-text\">SIQ SEVILLA<\/span><\/span><\/a><\/p>\n","protected":false},"author":1,"featured_media":0,"parent":53,"menu_order":1,"comment_status":"closed","ping_status":"closed","template":"","meta":{"_bbp_topic_count":0,"_bbp_reply_count":0,"_bbp_total_topic_count":0,"_bbp_total_reply_count":0,"_bbp_voice_count":0,"_bbp_anonymous_reply_count":0,"_bbp_topic_count_hidden":0,"_bbp_reply_count_hidden":0,"_bbp_forum_subforum_count":0,"sfsi_plus_gutenberg_text_before_share":"","sfsi_plus_gutenberg_show_text_before_share":"","sfsi_plus_gutenberg_icon_type":"","sfsi_plus_gutenberg_icon_alignemt":"","sfsi_plus_gutenburg_max_per_row":"","footnotes":""},"class_list":["post-163","page","type-page","status-publish","hentry"],"jetpack_sharing_enabled":true,"_links":{"self":[{"href":"https:\/\/inmabenicio.es\/index.php?rest_route=\/wp\/v2\/pages\/163","targetHints":{"allow":["GET"]}}],"collection":[{"href":"https:\/\/inmabenicio.es\/index.php?rest_route=\/wp\/v2\/pages"}],"about":[{"href":"https:\/\/inmabenicio.es\/index.php?rest_route=\/wp\/v2\/types\/page"}],"author":[{"embeddable":true,"href":"https:\/\/inmabenicio.es\/index.php?rest_route=\/wp\/v2\/users\/1"}],"replies":[{"embeddable":true,"href":"https:\/\/inmabenicio.es\/index.php?rest_route=%2Fwp%2Fv2%2Fcomments&post=163"}],"version-history":[{"count":3,"href":"https:\/\/inmabenicio.es\/index.php?rest_route=\/wp\/v2\/pages\/163\/revisions"}],"predecessor-version":[{"id":655,"href":"https:\/\/inmabenicio.es\/index.php?rest_route=\/wp\/v2\/pages\/163\/revisions\/655"}],"up":[{"embeddable":true,"href":"https:\/\/inmabenicio.es\/index.php?rest_route=\/wp\/v2\/pages\/53"}],"wp:attachment":[{"href":"https:\/\/inmabenicio.es\/index.php?rest_route=%2Fwp%2Fv2%2Fmedia&parent=163"}],"curies":[{"name":"wp","href":"https:\/\/api.w.org\/{rel}","templated":true}]}}